greatest common factor of q and 2.
2
Suppose 0 = 5*j - 60. Suppose 3*a = 3*w - 48, 4*w - a = -3*a + 40. Calculate the greatest common factor of j and w.
12
Let x(g) = 19*g + 12. Let c be x(1). Calculate the greatest common factor of 341 and c.
31
Suppose -7*x + 15*x - 336 = 0. What is the highest common factor of x and 21?
21
Let a = 159 + 9. Calculate the greatest common factor of a and 24.
24
Suppose -2*z = -3*k - 24, 6*k - k + 14 = -z. Let l be 27/z - 3/6. Let b = 5 + l. What is the highest common divisor of b and 6?
3
Suppose 4*f - 4*x = -x + 27, 3*f - 4 = -x. Suppose 0 = f*r - 2*r - 42. What is the greatest common divisor of 14 and r?
14
Let i = -7 - -9. Suppose -w + 7 = i*t, -2*w + 0*t = -t - 19. Calculate the highest common factor of w and 9.
9
Suppose 5*b - 10 = -3*l, -b = -3*b - 8. Let x = 20 + 40. What is the greatest common factor of l and x?
10
Suppose 4*r + 3*y + 0*y - 53 = 0, 4 = -4*y. What is the greatest common factor of r and 14?
14
Suppose 0 = c + 277 - 32. Let k = -170 - c. Calculate the greatest common factor of k and 30.
15
Suppose 0 = 7*l - 8*l + 24. What is the highest common divisor of l and 3?
3
Suppose b + 3 = 1. Let c be 290/8 + b/8. Calculate the greatest common factor of c and 9.
9
Let f(b) = -10*b - 16. Let p be f(-6). Suppose r + 5*j - 17 - 12 = 0, 2*r + 2 = 2*j. What is the highest common divisor of r and p?
4
Suppose -5*d = 4*p - 205, -3*d + 0*d + 3*p + 150 = 0. What is the greatest common divisor of d and 18?
9
Let a = 66 - 10. Calculate the greatest common divisor of a and 14.
14
Suppose -3*w + 292 = -2*j, 4*j - 280 = w - 4*w. What is the highest common divisor of 12 and w?
12
Suppose -30 = -5*h - 5*p, h + 10*p - 18 = 5*p. Suppose h = a + 1. What is the highest common divisor of 10 and a?
2
Let u(l) = -l + 34. Let j be u(0). Calculate the highest common divisor of 170 and j.
34
Let u be -8*(-2 - 6/(-4)). Calculate the greatest common factor of u and 6.
2
Let t(c) = c**3 - 4*c**2 + 5*c - 2. Let m be t(4). Let w(p) = 47*p + m*p - 25*p. Let l be w(2). Calculate the greatest common divisor of l and 10.
10
Let v be (3 + -2)*0/(-2). Suppose a + v*i = -4*i + 46, -a - i = -52. Suppose 4*n + 54 = 198. What is the highest common divisor of n and a?
18
Let i = -5 - -14. Calculate the greatest common divisor of 9 and i.
9
Suppose -3*i - 6 = -18. Suppose k = -i*k + 5. Let p be ((-10)/4)/(1/(-2)). What is the highest common divisor of p and k?
1
Let b = 48 - 33. Suppose 70 - b = 5*f. Suppose 16 = 4*j, -5*x + 8*x - 5*j = -f. What is the greatest common divisor of 21 and x?
3
Let f(t) = 3*t - 6. Let c be f(-5). Let m = -11 - c. Let v = m - 0. What is the highest common factor of 80 and v?
10
Let s(z) = -3*z - 4. Let j be s(-5). Suppose j + 43 = 3*t. What is the greatest common factor of 45 and t?
9
Suppose -5*p + 25 = 0, -5*t - 5*p + 205 = -p. Let k = 55 - t. Calculate the highest common factor of k and 144.
18
Suppose 9 = x + 5*v - 4*v, -2*x - 4*v = -26. Calculate the highest common divisor of x and 1.
1
Suppose 559 = -4*c + 55. Let j = -61 - c. Suppose -2*i + 63 = 3*i - 2*q, -61 = -5*i + 4*q. What is the highest common divisor of j and i?
13
Suppose 5*a - 10 - 75 = 0. Let t be (306/(-2))/((-1)/1). Calculate the greatest common divisor of t and a.
17
Let n = -162 - -242. Let o(l) = 2*l - 10. Let x be o(7). Suppose b = 3*b, -x*k + 40 = -5*b. Calculate the greatest common factor of n and k.
10
Let c = 8 + -5. Suppose -4*j + 0*j + 12 = 0. Suppose -67 = -j*v + 2*z, z = -3*v + 6*z + 73. Calculate the highest common factor of v and c.
3
Let d = 7 - -6. Calculate the highest common factor of 13 and d.
13
Suppose 3*l - 108 = -3*l. What is the greatest common divisor of 2 and l?
2
Let q(z) = z**3 - 3*z**2 - 3*z + 6. Let x be q(4). Suppose -2*u + 4*i = -u + 4, -5*i + 10 = 0. What is the highest common divisor of u and x?
2
Let g(a) = -a**3 - 24*a**2 - 44*a + 7. Let t be g(-22). Calculate the greatest common divisor of t and 35.
7
Suppose 0 = 5*k + 28 - 1143. Suppose 5*l - 3*q = 206, 0 = 5*l + 5*q - k + 33. Let c be 1/((-1)/12)*-5. Calculate the highest common divisor of l and c.
20
Let y(r) = r + 80. Let z be y(0). Calculate the highest common factor of z and 16.
16
Let m = 319 - 10. Let x = m + -210. What is the greatest common factor of x and 11?
11
Let u(h) = h**3 + 2*h**2 - 2*h - 1. Let k be u(-3). Let m = 34 - 18. Let i = m - k. Calculate the highest common divisor of 50 and i.
10
Suppose -7*m = -2*m - 120. Suppose 0 = -3*w + 4*w - 2, 3*l - 2*w - 5 = 0. Calculate the greatest common divisor of l and m.
3
Let l be 2/(-5) - 1752/20. Let g be (l/(-32))/(1/28). What is the highest common factor of 11 and g?
11
Suppose 3*k + 15 = 4*f - 4, -2*k = 5*f + 5. Calculate the highest common factor of f and 3.
1
Suppose -w = -4*w + 24. What is the highest common factor of w and 16?
8
Suppose 0 = 2*c - 62 + 22. What is the highest common factor of 20 and c?
20
Suppose 0 = -5*t + k + 8, t - k = -4*k - 8. Let s = t + 4. Suppose 0 = -6*d + 11*d - 10. What is the highest common factor of s and d?
1
Suppose 3*v - 30 = -2*v. Let p = 5 + -1. Let n be (-42)/p*(-8)/v. What is the highest common divisor of 28 and n?
14
Suppose 0*i - i + 60 = 0. Calculate the highest common divisor of i and 5.
5
Suppose 0*z - 5 = -z. Suppose z*o - 105 = 120. Calculate the highest common factor of 15 and o.
15
Suppose 2*u + 172 = 2*a - 0*a, 3*a = -4*u + 286. What is the greatest common factor of a and 225?
45
Suppose 0 = 5*k - 2*d - 137 + 35, 65 = 3*k - 5*d. Suppose 3*i + 3*z = 4*i - 30, 5*z + 30 = i. Calculate the highest common factor of k and i.
10
Let k = 209 - 53. Suppose 2*z = -0*z + k. What is the greatest common divisor of 26 and z?
26
Let w(k) = -11*k + 1. Let m be w(-5). Suppose 0 = -0*p - p + 4*u - 15, 4*p - 3*u = -60. Let n = -7 - p. What is the greatest common divisor of m and n?
8
Let g = -250 + 397. Calculate the highest common factor of g and 21.
21
Suppose -3*o + 18 = 5*h, 2*o - 7 - 5 = 4*h. Suppose -r - 3*i = 4*r - 4, 3*r - 5*i - 16 = 0. Let a = r + 0. What is the highest common divisor of a and o?
2
Let a be 1/2*(0 + 0). Suppose a = 4*b + 11 - 43. Suppose -3*i = -b*i - 3*y + 48, -4*i + 2*y = -56. Calculate the greatest common divisor of 3 and i.
3
Suppose 5*r - 55 = 2*k - 7*k, 0 = -2*r - 3*k + 27. Suppose c - 2*h = -r, -h + 9 = 5*c - 16. What is the highest common divisor of c and 16?
4
Suppose -5*c = 11 - 31. Let w be 50 + (1 + 1 - c). Calculate the highest common factor of 16 and w.
16
Suppose -4*g + 2*m = -50, -5*g = 3*m + m - 56. What is the greatest common divisor of 36 and g?
12
Let g = 667 + -11. Let y(a) = 2*a - 4. Let b be y(4). Suppose -4*t = -m + 2*m - g, 4*m = -b*t + 644. Calculate the highest common divisor of t and 15.
15
Let y(p) = p**2 - 7*p - 5. Let z(v) = v + 14. Let c be z(-6). Let x be y(c). Let t be ((-1)/x)/((-6)/54). Calculate the greatest common divisor of 12 and t.
3
Let s = -12 + 17. Calculate the greatest common factor of 5 and s.
5
Let m(y) = 3*y**2 + 4*y - 4. Let v be m(-4). Let b be (-2 + 3)*-11*-1. Let j = b + -4. Calculate the greatest common divisor of v and j.
7
Let m(g) = -16*g - 1. Let a be m(-1). Suppose -19 = -5*x + 11. What is the highest common factor of a and x?
3
Let w be (-3)/(-2 + -1) + 219. Suppose l - 5*l = -w. Suppose 2*c = -3 + 5, -4*u - 3*c = -l. Calculate the highest common factor of u and 52.
13
Let q be (0 - -1)/(5/25). Suppose -2*i = 2*c + 6, 19 = 4*i - q*i - 5*c. Calculate the highest common factor of 9 and i.
1
Let i = -34 + 100. Calculate the highest common divisor of 6 and i.
6
Suppose 5*z - 4*v = 33 + 9, 56 = 5*z + 3*v. Calculate the highest common divisor of 10 and z.
10
Suppose 2*g = 19 + 15. What is the highest common factor of g and 187?
17
Let u(h) = h**2 + 5. Let c be u(-5). Let y(b) = -5*b. Let j be y(-3). Calculate the greatest common factor of c and j.
15
Let i(k) = k**3 - 5*k**2 + 3*k + 3. Let g be i(3). Let u = 5 - g. Calculate the greatest common factor of u and 1.
1
Let k = -7 + 16. Calculate the highest common divisor of k and 3.
3
Let m = 10 - 3. What is the highest common factor of 1 and m?
1
Suppose 0*m = -4*s + 2*m + 68, 2*s - 34 = 5*m. Suppose -g - q = -70 - 54, -3*g = -4*q - 337. What is the highest common divisor of g and s?
17
Suppose -8*n + 2*n + 198 = 0. Calculate the